factors of r?
2, 7
Suppose 0 = -3*g + q - 1, 5*q + 1 = 2*g + 6*q. Suppose 3*y + 0*y + 18 = g. Let h = 15 - y. What are the prime factors of h?
3, 7
Let d = 170 + 20. List the prime factors of d.
2, 5, 19
Let k = -55 + 37. What are the prime factors of k/42*-67 - (-2)/7?
29
Suppose -f - v = -5*f + 15, -20 = f - 5*v. Suppose -f*o - 5 = 0, 5*o - 83 - 98 = -2*u. List the prime factors of u.
3, 31
Let d(v) = 14*v**2 - 2*v - 5. List the prime factors of d(6).
487
Let t(x) = x**3 - 13*x**2 + 12*x + 17. Let d be t(12). List the prime factors of d/(-51)*(-153)/1.
3, 17
Suppose 0 = -2*q - 4*v + 7 - 1, 3*v - 4 = -q. What are the prime factors of -1 - (35 + q)*-1?
5, 7
Let d(m) = 3*m**3 - 3*m + 1. Let p(x) = -x**3 + 3*x**2 - x. Let w be p(2). List the prime factors of d(w).
19
Let h be 3 - (-8)/(-4)*-11. Let t = 30 - h. List the prime factors of t.
5
Let q(o) be the third derivative of -o**4/4 + o**3 + 3*o**2. List the prime factors of q(-6).
2, 3, 7
Let k(y) = 5 - 1 + 5*y**3 + 2*y**2 - 8*y**3 - 5. Let g be k(1). What are the prime factors of (-186)/(-6) + g/(-2)?
2
Suppose 10 = 3*x - 152. Let k = 125 - 121. What are the prime factors of x - 8/(k/1)?
2, 13
Suppose 0 = 2*o - 5*t - 7, 2*t + 22 = 2*o + 2*o. Suppose p = o + 4. List the prime factors of p.
2, 5
Let a be 2 - (-2)/4*2. List the prime factors of (-1 - -3)*a*(-1179)/(-54).
131
Suppose 33*o + 18050 = 61742. What are the prime factors of o?
2, 331
Suppose 0*p - 12186 = -18*p. What are the prime factors of p?
677
Let x = 1790 + -1171. What are the prime factors of x?
619
Let m = -28 - -31. Suppose -m*c + 65 = -52. Suppose 8 = a - c. List the prime factors of a.
47
Suppose -3*l = 4*c - l - 70, 0 = c + l - 16. Let s = c - 23. What are the prime factors of (s/12)/(2/(-150))?
5
Let w = 44 - 29. Let j = w + 57. Let h = j + -42. What are the prime factors of h?
2, 3, 5
Let h(w) = w**2 - 18*w + 1. List the prime factors of h(-18).
11, 59
Suppose 2*r + 6 = -2*w - 0*w, 2*w = -3*r - 9. List the prime factors of 3 + 156/(4 - w).
2, 3, 7
Suppose 0 = -2*n - 0*n - 244. Let y be 2/4*(-8)/(-4 - -5). What are the prime factors of (-2)/y - n/4?
31
Suppose 9 = 3*u, -16*d = -17*d - u + 2593. What are the prime factors of d?
2, 5, 7, 37
Suppose -2*b - 43 = 77. Let c be (b/(-18))/(1/3). Suppose -13*o = -c*o - 147. List the prime factors of o.
7
Let l = 25 + 39. Let k = l - 35. List the prime factors of k.
29
Let a(k) = -k + 13. Let o be a(-6). Suppose -h + o = 134. List the prime factors of (-3)/4 - h/4.
2, 7
Let o = 1982 + -1271. What are the prime factors of o?
3, 79
List the prime factors of (486/405)/((-1)/(-760)).
2, 3, 19
Suppose -270 - 1690 = -7*i. List the prime factors of i.
2, 5, 7
Let d(q) = q**3 - 3*q**2 - 2*q - 5. Let k = 24 - 20. Let w be d(k). Suppose 3*h + 31 = -w*o + 130, o + 107 = 4*h. List the prime factors of h.
2, 7
Suppose 4*s - 2874 = -2*m, 12*s = 5*m + 8*s - 7129. What are the prime factors of m?
1429
Let v be (-8)/2 + (-1001)/13 - 2. Let n = v - -104. What are the prime factors of n?
3, 7
Let y be 4/((-2)/16*-2). Suppose -4*o + y + 40 = 4*z, 4*o - 14 = -z. What are the prime factors of z?
2, 7
Suppose 15 = -2*m - 37. Let k be 8 + 0 + m/13. List the prime factors of 22 - ((2 - k) + 3).
23
Let n = 398 + -362. What are the prime factors of n?
2, 3
Let i be (151 + -3)*1/1. Suppose 0 = 3*j - i - 14. What are the prime factors of j?
2, 3
Let l be 4/3*3/2. Let m be 10*1*5*234/225. Suppose -4*i + m = -l*i. List the prime factors of i.
2, 13
What are the prime factors of 45446/26 - 2/(-26)?
2, 19, 23
Let w = 41 - 1. Suppose -5*o = 2*c - 7*c + w, -12 = 4*o. Let j(t) = 7*t + 8. What are the prime factors of j(c)?
43
Suppose -3*j - 19 + 22 = 0. What are the prime factors of 64*j - (4 - 3)?
3, 7
Let y(f) = -f**2 - 10*f + 10. Let a be y(-10). What are the prime factors of 105/a*(-72)/(-7)?
2, 3
Let u = 516 - 403. List the prime factors of u.
113
Let b be ((-12)/4)/(-6)*4. Suppose -272 = -b*r - 3*m + m, -4*r + 5*m + 526 = 0. List the prime factors of r.
2, 67
Let w(x) = -7*x**2 + 3*x + 4. Let k(t) = -7*t**2 + 4*t + 6. Let l(c) = 2*k(c) - 3*w(c). Let d be 0 + 1 - (1 - 1). List the prime factors of l(d).
2, 3
Suppose v - 3*w = -58, 0 = -v - v + w - 116. Let q(a) = a**2 + 15*a + 19. Let h be q(-9). Let m = h - v. List the prime factors of m.
23
Suppose -2*f + 17 = 2*d + f, 3*d = 3*f + 48. Let n = 60 - d. List the prime factors of n.
47
Let c be 10/4*(-340)/(-25). Suppose 12 = -l + c. List the prime factors of l*(-4)/(-4) - 3.
19
Suppose -3*f = -251 - 1057. List the prime factors of f.
2, 109
Let l be -1 - 4/((-2)/(-1)). Let b be (210/(-63))/(1/6). What are the prime factors of (b - 1)*(-5 - l)?
2, 3, 7
Let c(f) = 8*f + 37. Suppose 2*m - 13 - 1 = 0. List the prime factors of c(m).
3, 31
Suppose 6*k - 115 = k. Suppose -g + 24 = k. What are the prime factors of (-435)/(-30) + g/(-2)?
2, 7
Let v(x) = 2*x - 2. Let b be (-27)/6*4/6. Let t be v(b). Let r = t + 18. What are the prime factors of r?
2, 5
Suppose 0*q + 5*q = r - 814, 5*r - 5*q = 4030. What are the prime factors of r?
2, 3, 67
Let x(l) = -l**2 - 11*l - 1. Let o be x(-9). Suppose -92 + o = -b + 5*k, b - 61 = -2*k. Let t = -19 + b. List the prime factors of t.
2, 23
Let v(k) = 3*k**2 - 4*k + 6. Let t be v(4). Suppose -t = -f - 8. Let x = f - 20. What are the prime factors of x?
2, 5
Let f be -41 - -39 - (-39 - 0/(-1)). Let s = 6 + f. What are the prime factors of s?
43
Suppose -266 = -8*t + 118. List the prime factors of t.
2, 3
Suppose 902 = 6*j - 4414. List the prime factors of j.
2, 443
Let x be (-24)/(-56) + 3060/14. Let y = x + -112. List the prime factors of y.
107
Let f = -49 - -169. What are the prime factors of f?
2, 3, 5
Suppose 157 = -27*f + 26*f. Let k = -86 - f. List the prime factors of k.
71
Suppose 0 = 471*x - 476*x + 2140. List the prime factors of x.
2, 107
Suppose 1201 - 131 = f. Suppose -q + f = 9*q. List the prime factors of q.
107
Let r(t) = -t**3 - 3*t**2 + 4. Let i be r(-3). Let l = -47 - -105. Suppose 0*s + s + 2*b = l, i*s = b + 205. What are the prime factors of s?
2, 13
Let h = 16 - 16. Suppose 2*o - 10 = 0, h = 4*a - 3*o - 922 - 19. List the prime factors of a.
239
Let h(w) = 2*w**2 + w - 5. Let g be h(2). Suppose -3*p - g*z = -581, -82 - 123 = -p + 4*z. What are the prime factors of p?
197
Let x(b) = 2*b**2 - 25*b - 25. Let i be x(15). Let r = 882 + -552. List the prime factors of (-2)/(-5) + r/i.
7
Suppose 0 = n - 3*o - 219 + 18, -4*n = 3*o - 744. List the prime factors of n.
3, 7
Let m(t) = 3*t - 10. Let v be 59/7 + (-15)/35. List the prime factors of m(v).
2, 7
Suppose 5*v = 13 + 7. Suppose -x + v = 1. Suppose 5*o - k - 15 = 0, o + 21 = 4*o - x*k. What are the prime factors of o?
2
Suppose 0 = -18*g - 1423 + 10045. What are the prime factors of g?
479
Let x be 2/(-4) - 1125/(-6). Suppose 5*u - 4*z - z = 325, 3*u = -5*z + x. List the prime factors of u.
2
Suppose 2*j - 3*t - 80 = 0, -2*t = -3*j - t + 106. List the prime factors of j.
2, 17
Let j = -49 + 77. Let k = j + 9. Suppose k = 3*u + 2*g, u + 0*g = 2*g - 1. List the prime factors of u.
3
Suppose 0 = -10*l + 4*l + 1980. Suppose -7*n = -l - 748. List the prime factors of n.
2, 7, 11
Suppose -16*p = -40734 - 31554. What are the prime factors of p?
2, 3, 251
Let t(a) = 5*a - 8. Let y be t(4). Let v = -20 - -16. List the prime factors of (129/y)/((-1)/v).
43
Let r(m) = m**3 - 2*m**2 - 5*m - 3. Let f(v) = 7*v - 4 + 0*v**2 - 3*v**2 + 2 + 2*v**2. Let o be f(6). List the prime factors of r(o).
3
Suppose -4*v + 2*k = -76, -2*v + 2*k = 6*k - 38. Let a = -21 + v. List the prime factors of 2 + a + 0 + 53.
53
Suppose 37*k = k + 20664. List the prime factors of k.
2, 7, 41
Let b = 224 + -142. Let r be b/8 - (-2)/(-8). What are the prime factors of (-4)/r + (-584)/(-10)?
2, 29
Let r be 40/12 + 1/(-3). Suppose -25 = -3*j - 0*j + 5*n, 4*j + 15 = -3*n. Suppose j = -6*t + 2*t - r*f + 137, t - 31 = -4*f. What are the prime factors of t?
5, 7
Suppose -2*n = u + 1, -2*n + 6*n = 5*u - 9. List the prime factors of u*((-364)/(-4) + 0).
7, 13
Let u = -745 + 880. List the prime factors of u.
3, 5
Suppose -4*i = 5*o - 2684, 4*i - o - 3*o = 2648. List the prime factors of i.
2, 3, 37
Let i = 106 + -124. Suppose -s + 4*a - 11 = 16, -a - 12 = s. List the prime factors of (i/s)/(4/70).
3, 7
Let w be 33